981
What are the prime factors of 64642286?
2, 641, 50423
What are the prime factors of 1453796733?
3, 367, 1320433
List the prime factors of 2827713726.
2, 3, 1939447
What are the prime factors of 510635277?
3, 29, 43, 173, 263
What are the prime factors of 72103527?
3, 179, 4973
What are the prime factors of 3623113776?
2, 3, 75481537
What are the prime factors of 94839017?
7, 13, 1042187
What are the prime factors of 46686975?
3, 5, 622493
What are the prime factors of 1817312321?
11, 165210211
List the prime factors of 619989359.
11, 5123879
List the prime factors of 30778773.
3, 29, 281, 1259
List the prime factors of 7506297.
3, 173, 1607
What are the prime factors of 3373646569?
37, 91179637
What are the prime factors of 531772449?
3, 13, 29, 470179
What are the prime factors of 1385866086?
2, 3, 11, 20997971
List the prime factors of 117286766.
2, 107, 548069
What are the prime factors of 196164518?
2, 11, 8916569
List the prime factors of 8258500874.
2, 13, 31, 10246279
List the prime factors of 2891413117.
167, 17313851
What are the prime factors of 585973189?
41, 14292029
List the prime factors of 1253010229.
1253010229
List the prime factors of 1602982788.
2, 3, 11, 12143809
What are the prime factors of 783343821?
3, 13, 23, 873293
List the prime factors of 533898906.
2, 3, 17, 59, 79, 1123
What are the prime factors of 474548576?
2, 29, 79, 6473
What are the prime factors of 751761280?
2, 5, 1174627
List the prime factors of 70941265.
5, 14188253
List the prime factors of 202156534.
2, 101078267
List the prime factors of 847992611.
847992611
What are the prime factors of 280738327?
280738327
What are the prime factors of 1973937606?
2, 3, 29, 131, 86599
List the prime factors of 95654201.
6151, 15551
List the prime factors of 314566282.
2, 157283141
What are the prime factors of 36635934?
2, 3, 79, 77291
List the prime factors of 51983643.
3, 491, 35291
List the prime factors of 1909025065.
5, 811, 470783
What are the prime factors of 5789478136?
2, 13, 797, 69847
List the prime factors of 29363311.
37, 397, 1999
What are the prime factors of 121810029?
3, 11, 3691213
What are the prime factors of 2788305004?
2, 697076251
What are the prime factors of 222754051?
13, 71, 241337
What are the prime factors of 2743688689?
7, 571, 686437
What are the prime factors of 160091132?
2, 23, 1740121
What are the prime factors of 2243073592?
2, 41, 151, 45289
List the prime factors of 113989494.
2, 3, 18998249
What are the prime factors of 1231951191?
3, 31, 13246787
List the prime factors of 222504284.
2, 547, 101693
What are the prime factors of 691100257?
43, 16072099
What are the prime factors of 876589236?
2, 3, 8116567
What are the prime factors of 189940687?
189940687
What are the prime factors of 2076493157?
2089, 994013
List the prime factors of 488071755.
3, 5, 1097, 9887
What are the prime factors of 777610614?
2, 3, 11, 197, 5437
List the prime factors of 153148745.
5, 30629749
List the prime factors of 940821459.
3, 37, 557, 15217
List the prime factors of 1625637152.
2, 50801161
What are the prime factors of 8101445609?
3307, 2449787
What are the prime factors of 437006701?
437006701
List the prime factors of 39906444.
2, 3, 61, 54517
List the prime factors of 1397102841.
3, 10639, 14591
What are the prime factors of 55108940?
2, 5, 2755447
What are the prime factors of 2244342383?
8117, 276499
List the prime factors of 188194194.
2, 3, 10455233
List the prime factors of 3945123.
3, 7, 13, 4817
What are the prime factors of 644146746?
2, 3, 479, 224129
What are the prime factors of 44240730?
2, 3, 5, 23, 97, 661
What are the prime factors of 654309193?
654309193
List the prime factors of 37936507.
7, 37, 71, 2063
What are the prime factors of 94247742?
2, 3, 557, 28201
What are the prime factors of 41717618?
2, 523, 39883
List the prime factors of 20562502.
2, 1399, 7349
List the prime factors of 2650464178.
2, 1325232089
List the prime factors of 129617889.
3, 43205963
What are the prime factors of 2376755172?
2, 3, 11, 6001907
What are the prime factors of 225078423?
3, 1699, 44159
List the prime factors of 3431515813.
11, 2129, 146527
What are the prime factors of 49037254?
2, 7, 113, 139, 223
What are the prime factors of 1255486235?
5, 251097247
List the prime factors of 1642076424.
2, 3, 193, 118169
List the prime factors of 6669690995.
5, 11, 23, 5272483
List the prime factors of 691408044.
2, 3, 131, 146609
List the prime factors of 7770906902.
2, 11, 2003, 176347
List the prime factors of 187485666.
2, 3, 31247611
What are the prime factors of 63901362?
2, 3, 7, 79, 19259
List the prime factors of 28597076.
2, 331, 21599
What are the prime factors of 195991375?
5, 1567931
What are the prime factors of 39252929?
977, 40177
List the prime factors of 832138379.
10399, 80021
List the prime factors of 395100307.
7, 19, 2970679
List the prime factors of 447153957.
3, 863, 57571
List the prime factors of 65900159.
13, 5069243
What are the prime factors of 46091033?
2003, 23011
List the prime factors of 161602875.
3, 5, 7, 20521
What are the prime factors of 1000750039?
191, 5239529
List the prime factors of 283473998.
2, 53, 547, 4889
List the prime factors of 5822646049.
11, 529331459
What are the prime factors of 2566921126?
2, 7, 11, 16668319
List the prime factors of 1101475189.
59, 18669071
What are the prime factors of 1872932089?
7, 267561727
List the prime factors of 618951685.
5, 11, 233, 48299
What are the prime factors of 1160416119?
3, 71, 5447963
What are the prime factors of 132629732?
2, 33157433
What are the prime factors of 2180372756?
2, 2729, 199741
What are the prime factors of 3176393?
11, 41, 7043
List the prime factors of 2906747625.
3, 5, 7751327
List the prime factors of 82033062.
2, 3, 757, 18061
List the prime factors of 2662671329.
587, 4536067
What are the prime factors of 608575445?
5, 37, 3289597
List the prime factors of 396795602.
2, 7, 3011, 9413
What are the prime factors of 105945174?
2, 3, 5885843
List the prime factors of 2533797613.
503, 5037371
List the prime factors of 170563790.
2, 5, 29, 588151
What are the prime factors of 196958301?
3, 41, 1601287
What are the prime factors of 2600172091?
11, 236379281
What are the prime factors of 5500687855?
5, 13, 84625967
List the prime factors of 467826377.
467826377
List the prime factors of 134080560.
2, 3, 5, 73, 2551
What are the prime factors of 150707405?
5, 73, 283, 1459
List the prime factors of 195695166.
2, 3, 79, 412859
List the prime factors of 12648029.
47, 439, 613
List the prime factors of 91741137.
3, 30580379
List the prime factors of 86002986.
2, 3, 14333831
What are the prime factors of 47559402?
2, 3, 11, 401, 599
List the prime factors of 6280949.
6280949
List the prime factors of 2128740527.
17, 1481, 84551
What are the prime factors of 90131517?
3, 7, 1430659
List the prime factors of 459371905.
5, 91874381
What are the prime factors of 342250148?
2, 37, 179, 12919
What are the prime factors of 3520900510?
2, 5, 352090051
What are the prime factors of 1113361?
23, 48407
What are the prime factors of 2831015?
5, 11, 51473
List the prime factors of 1005537864.
2, 3, 41897411
List the prime factors of 33625007.
13, 29, 79, 1129
What are the prime factors of 21386411?
107, 199873
List the prime factors of 222223341.
3, 5783, 12809
What are the prime factors of 43033868?
2, 17, 632851
What are the prime factors of 3281959145?
5, 29, 101, 224101
List the prime factors of 105917670.
2, 3, 5, 79, 14897
What are the prime factors of 44836146?
2, 3, 29, 28631
List the prime factors of 93632119.
7, 131, 102107
List the prime factors of 569128841.
61, 9329981
List the prime factors of 31904722.
2, 59, 270379
What are the prime factors of 4332193401?
3, 19, 67, 139, 8161
List the prime factors of 45911332.
2, 1039, 11047
List the prime factors of 477110672.
2, 19, 1569443
What are the prime factors of 23160785?
5, 61, 75937
List the prime factors of 62016263.
62016263
What are the prime factors of 968894415?
3, 5, 61, 409, 863
List the prime factors of 37655154.
2, 3, 2091953
What are the prime factors of 4072899691?
7, 31, 3019, 6217
What are the prime factors of 2801266883?
2549, 1098967
What are the prime factors of 121979363?